to base 14
194327
Convert -54523141 (base 6) to base 7.
-16561525
What is 56324 (base 12) in base 8?
337514
-20465322 (base 7) to base 11
-a82251
Convert 3103150 (base 9) to base 16.
194385
-10974 (base 13) to base 5
-1431202
Convert 116417 (base 10) to base 3.
12220200202
-148864 (base 12) to base 10
-346828
What is d0a39 (base 14) in base 4?
1322122223
111021200100021 (base 3) to base 14
d1abb8
-3003231310 (base 5) to base 16
-5a3fd4
Convert -3cfb3 (base 16) to base 10.
-249779
Convert 14946 (base 13) to base 15.
b803
What is 2564730 (base 9) in base 3?
2122011211000
-2433065 (base 9) to base 14
-2655b9
What is 328927 (base 12) in base 3?
1111210200011
2021112121 (base 3) to base 9
67477
1001110100010100100 (base 2) to base 5
40243300
66cf6 (base 16) to base 9
711580
Convert 210000224 (base 5) to base 10.
859439
Convert 3483 (base 9) to base 10.
2586
What is 2433066 (base 9) in base 8?
5024060
Convert 45023425 (base 6) to base 5.
321401200
What is 549ab (base 16) in base 10?
346539
-282590 (base 12) to base 10
-667836
Convert -1738 (base 14) to base 6.
-31142
What is -101000101100101 (base 2) in base 11?
-14723
Convert 110011001001000111100 (base 2) to base 5.
412111321
Convert 443320 (base 7) to base 2.
10011000011000110
What is 237743 (base 8) in base 4?
103333203
Convert 5a0284 (base 12) to base 11.
901927
-1122244211 (base 5) to base 16
-26c40c
Convert 2010202102200 (base 3) to base 14.
21841c
What is 24461142 (base 7) in base 10?
2199738
What is -1000010110000010110110 (base 2) in base 15?
-2d31eb
3040210 (base 7) to base 15
726c1
2737864 (base 10) to base 6
134403144
Convert 2226006 (base 7) to base 16.
43542
Convert -3956b (base 13) to base 8.
-317626
244973 (base 11) to base 15
79aa9
Convert -1111001001010000111101 (base 2) to base 5.
-2004020414
-100332302 (base 4) to base 3
-10112102002
4908337 (base 10) to base 6
253111441
Convert -215a063 (base 13) to base 11.
-582a7a5
Convert -10268213 (base 10) to base 15.
-d7c678
-123111200 (base 4) to base 10
-111968
What is 13101213323 (base 4) in base 6?
104513335
Convert 133a0 (base 11) to base 10.
19107
-3c5a83 (base 15) to base 16
-2c5329
10023102020 (base 4) to base 14
206d96
Convert -1182850 (base 10) to base 15.
-18571a
-1452524 (base 6) to base 15
-1a22d
-10010001110011001 (base 2) to base 9
-123353
What is 2254215 (base 7) in base 14?
74cb5
What is 101101001110100111010101 (base 2) in base 15?
1092ecb
What is -6473474 (base 9) in base 13?
-947c47
-1012000 (base 5) to base 9
-24563
Convert 4300202 (base 5) to base 6.
1312555
-220121212 (base 4) to base 6
-3314034
What is 11010102221001 (base 3) in base 14?
411552
Convert -301610 (base 8) to base 10.
-99208
What is 121e7 (base 16) in base 9?
122721
274442 (base 10) to base 2
1000011000000001010
What is 211234232 (base 5) in base 12?
367490
3965a2 (base 11) to base 14
1233a9
What is 32072 (base 11) in base 13?
18317
What is 42059 (base 11) in base 2?
1110111101101010
-1285180 (base 9) to base 12
-2a0569
What is 111343020 (base 5) in base 3?
221020020220
-10000111100000000111111 (base 2) to base 16
-43c03f
-10100111010111001 (base 2) to base 6
-1500413
3273a (base 11) to base 5
3004400
Convert 1266178 (base 9) to base 12.
29535b
What is -2202202013 (base 4) in base 6?
-22134035
-5d0b3b (base 14) to base 10
-3190737
-30304255 (base 8) to base 12
-2183091
-6074281 (base 10) to base 6
-334105401
What is -110110210110 (base 3) in base 7?
-2041545
What is 1bc95 (base 15) in base 3?
11121021012
What is -323210 (base 8) in base 5?
-11430133
21213203 (base 4) to base 3
2000001002
What is -48418 (base 15) in base 5?
-24333143
1500417 (base 11) to base 16
2753a6
-d986a (base 15) to base 6
-22444144
-1432410 (base 9) to base 10
-789111
Convert 1000100100110001101 (base 2) to base 13.
9ab74
Convert -113200120 (base 5) to base 4.
-1333122312
What is -4eed69 (base 16) in base 5?
-2311010320
a213 (base 15) to base 2
1000010110101010
Convert -2344124 (base 7) to base 10.
-296762
What is -665580 (base 9) in base 12?
-172246
Convert 808462 (base 14) to base 8.
20400046
Convert -2310021001 (base 4) to base 2.
-10110100001001000001
-a2535 (base 16) to base 8
-2422465
What is -1a4231 (base 12) in base 7?
-3640051
What is -6024522 (base 8) in base 3?
-2222110002000
What is -2576423 (base 9) in base 15?
-1cc633
Convert 331601 (base 7) to base 15.
123e2
What is -b0c29 (base 15) in base 4?
-2020213332
-126851 (base 11) to base 16
-30aaf
Convert -103020 (base 11) to base 13.
-5a195
-11010101000000001001 (base 2) to base 14
-189d45
-12310201431 (base 5) to base 8
-70744756
-575312 (base 9) to base 6
-11221315
Convert 15214234 (base 6) to base 16.
81a4e
20153651 (base 7) to base 2
110011001011111001001
Convert 23020423 (base 7) to base 14.
3a29ba
-1976ab2 (base 12) to base 2
-10100100010000110100110
Convert -1023422 (base 6) to base 14.
-14354
What is -6764e (base 16) in base 14?
-b04a2
Convert 386a8 (base 16) to base 3.
102201222112
What is -2011511 (base 6) in base 8?
-271443
-41760 (base 9) to base 4
-12233022
What is 634066 (base 9) in base 3?
201011002020
-468461 (base 13) to base 3
-10011002111012
Convert 5725195 (base 10) to base 3.
101202212111021
What is -20001113203 (base 4) in base 13?
-588145
Convert -101300221 (base 4) to base 13.
-2715a
Convert -4224211 (base 5) to base 13.
-26165
What is -21455232 (base 6) in base 5?
-131122114
a58342 (base 13) to base 4
32301301100
What is -86221 (base 10) in base 9?
-141241
Convert 1073a41 (base 11) to base 7.
21654666
145a73 (base 14) to base 4
2230223011
What is 4125 (base 6) in base 10?
917
What is -231155 (base 10) in base 8?
-703363
-2143122124 (base 5) to base 15
-621029
What is -43132024 (base 5) in base 11?
-229a60
Convert 624555 (base 9) to base 8.
1324143
122128 (base 9) to base 3
10202010222
What is 105257 (base 10) in base 4?
121230221
What is 424352 (base 6) in base 5?
2102300
What is -184575 (base 11) in base 12?
-118566
30c57 (base 15) to base 2
100101110000100001
Convert 2292639 (base 10) to base 15.
304479
2133104132 (base 5) to base 13
c45627
What is 1511486 (base 10) in base 14?
2b4b94
What is -241102400 (base 5) in base 7?
-12313314
What is c7a5 (base 14) in base 8?
103215
What is -121122013221 (base 4) in base 7?
-110420421
-125a5 (base 12) to base 5
-1300122
10210211211 (base 3) to base 6
1335034
Convert -34ba10 (base 12) to base 13.
-239acc
1043244 (base 7) to base 11
88529
Convert 21022202112 (base 3) to base 2.
100011001100100111
What is 911361 (base 10) in base 16?
de801
31510 (base 15) to base 14
40dca
Convert -1956908 (base 10) to base 4.
-13131300230
Convert -12013113432 (base 5) to base 16.
-d2969d
Convert 100000111110000110 (base 2) to base 10.
135046
a6030 (base 15) to base 6
15141413
14077525 (base 8) to base 6
152042245
Convert 56835a (base 11) to base 4.
3130233301
Convert -11010011000110001111 (base 2) to base 13.
-24373c
-182025 (base 9) to base 10
-113018
What is 53d9d (base 16) in base 15?
6bb6d
What is -56115335 (base 7) in base 8?
-22366241
Convert 3401433 (base 5) to base 3.
10000210002
Convert -11741 (base 11) to base 8.
-40740
-102102201110 (base 3) to base 9
-372643
What is -264274 (base 14) in base 13?
-37196c
What is -2367624 (base 8) in base 10?
-651156
Convert 102100010111 (base 3) to base 5.
24120133
-12b1249 (base 14) to base 5
-4302442321
What is 243235 (base 9) in base 7?
1150523
What is badd9 (base 15) in base 16?
90f5a
Convert -163060 (base 8) to base 14.
-17692
11001010001000100010 (base 2) to base 13
22cb07
1302323243 (base 5) to base 14
5c63b5
Convert -56072 (base 15) to base 4.
-1002301022
What is 12204114 (base 5) in base 12?
5727b
Convert 3213133 (base 5) to base 4.
31032120
Convert 121100021122 (base 3) to base 7.
2506613
11b9dc3 (base 15) to base 13
2840c97
4132044233 (base 5) to base 6
501325214
-430111102 (base 5) to base 10
-1800777
Convert 41459 (base 14) to base 6.
3212035
Convert -1001111110111010010 (base 2) to base 6.
-11002242
b3a51 (base 12) to base 11
150438
Convert 24130135 (base 6) to base 16.
b91cb
Convert -1ca21 (base 16) to base 9.
-187782
Convert -1011101001110010011 (base 2) to base 4.
-1131032103
What is 21602215 (base 9) in base 14?
156172b
What is 20013221210 (base 4) in base 12?
867918
523003 (base 6) to base 9
63703
What is 